emainder when n is divided by 20?
18
Suppose 5*s = -200 + 610. Calculate the remainder when s is divided by 64.
18
Let p(r) = 6*r**2 + 9*r - 45. What is the remainder when 75 is divided by p(3)?
3
Let f(h) = h**2 - 14*h + 15. Let a be f(7). Let w = a - -55. Calculate the remainder when 41 is divided by w.
20
Calculate the remainder when 86 + 56/(-21) + (-2)/(-3) is divided by 22.
18
Let b(l) = -l + 14. Let u be b(11). Suppose -u*i = -3*q - 117, -5*i - 2*q - q = -171. Calculate the remainder when i is divided by 13.
10
Suppose 7*k + 216 = -785. Let h = -78 - k. What is the remainder when h is divided by 23?
19
Let j(t) be the third derivative of t**6/30 + t**5/60 - 5*t**4/24 - t**3/3 + 12*t**2. What is the remainder when j(2) is divided by 13?
11
Let a = 1183 + -1112. What is the remainder when 118 is divided by a?
47
Let g = 7 - 15. Let p(y) = -3*y**3 + 2*y**2 - y - 1. Let t be p(-1). Let s = t - g. Calculate the remainder when s is divided by 8.
5
Let f = -49 + 25. What is the remainder when (f/4)/(-3) + 21 is divided by 2/(-4) + (-100)/(-8)?
11
Let r = 1 - -2. Let p(h) = 2*h - 5*h**2 + 3*h**3 + h**3 - h**r. What is the remainder when p(3) is divided by 22?
20
Let x = 451 - 383. What is the remainder when x is divided by 24?
20
Suppose -4*r + 12 = -12. Suppose r - 1 = 5*t. Calculate the remainder when 10 is divided by 2*t*(4 - 3).
0
Let u(q) = -16*q**3 - 2*q - 1. Let h(w) = -w**3 - 4*w**2 + 4*w + 2. What is the remainder when u(-1) is divided by h(-5)?
3
Let q(s) = -7 - 3 + 9 - 2*s. Calculate the remainder when 105 is divided by q(-14).
24
Let a(w) = -34*w + 61. Calculate the remainder when a(0) is divided by 9.
7
Suppose 2*x - 3016 = -56*x. Calculate the remainder when x is divided by 15.
7
Let i(y) = y**3 + 26*y**2 + 33*y - 32. What is the remainder when i(-24) is divided by 30?
28
Let j(b) = b**2 - 8*b - 3*b + 11 - 44 + 0*b. Calculate the remainder when j(14) is divided by 5 + -2 + (0 - -1).
1
Let h(f) = 2*f + 11. Let c(r) = r + 10. Let k(w) = -6*c(w) + 5*h(w). What is the remainder when (-7 - 545)/(-6) + -2 is divided by k(7)?
21
Let l(g) = g**2 - g - 4. What is the remainder when 75 - -1 - (-4 - -3) is divided by l(5)?
13
Calculate the remainder when 39 is divided by 1/((-2)/(-26)) + -6.
4
Suppose 0 = -18*b + 234 - 0. What is the remainder when b is divided by 7?
6
Let n(c) = -8*c + 1. Let x(p) = -p - 12. Let v be x(-8). Suppose 20*m = 25*m + o - 313, 0 = 2*m - 3*o - 132. Calculate the remainder when m is divided by n(v).
30
Let d = 11 - 11. Suppose b + 2 = d, -5*j + 2*j - 2*b + 23 = 0. Calculate the remainder when 14 is divided by ((-48)/j)/(6/(-9)).
6
Suppose -7*z + 14*z = 154. Calculate the remainder when 62 is divided by z.
18
Let a(y) = -y**2 - 5*y + 6. Suppose -4 + 16 = -2*s. Let n be a(s). What is the remainder when 21 is divided by (-33)/(-3) + (n - -1)?
9
Suppose -9*f - 190 = -343. Calculate the remainder when 23 is divided by f.
6
Let r(k) = k**3 + 6*k**2 - k + 3. Let i be 2 - (-18)/2 - 0. Let w = i + 3. Calculate the remainder when r(-4) is divided by w.
11
Let p = -70 + 156. Suppose -2*d = 60*c - 61*c + 24, 4*c - 5*d - 99 = 0. What is the remainder when p is divided by c?
8
Let x(z) = 65*z - 97. What is the remainder when x(5) is divided by 21?
18
Suppose 237*j + 1820 = 265*j. What is the remainder when j is divided by 12?
5
Suppose -w + 75 - 67 = 0. Let d = w - 1. Calculate the remainder when 83 is divided by d.
6
Let m = -616 - -648. What is the remainder when 115 is divided by m?
19
Let n = 23 + -19. Let k(h) = -1 - 4*h + 9*h - n*h + 5. What is the remainder when 35 is divided by k(9)?
9
Suppose -61*c + 59*c + 220 = -3*x, -x + 426 = 4*c. What is the remainder when c is divided by 26?
3
Let c(d) = -2*d. Let t = -15 - 3. Let r = 5 - t. Calculate the remainder when r is divided by c(-4).
7
Suppose 0 = 5*s + 2*q + 109, -s + q - 11 - 8 = 0. What is the remainder when 54 is divided by (-126)/s*(-28)/(-6)?
26
Suppose -4*u = -26 - 2. Suppose u*o - 11*o + 32 = 0. Let s(d) = d**2 - 2*d + 6. Calculate the remainder when s(6) is divided by o.
6
Let j be 32060/154 + -3*6/99. Let t = j - 185. Let s = 65 + 26. What is the remainder when s is divided by t?
22
Suppose 6823 = 9*b - 1052. What is the remainder when b is divided by 147?
140
Let r = 98 - 67. Let h = 19 - 6. What is the remainder when r is divided by h?
5
Let v(u) = -10*u - 17. Let n be v(5). Let c = n - -114. Calculate the remainder when c is divided by 25.
22
Suppose 5*c + 265 = 310. What is the remainder when 40 is divided by c?
4
Let m(x) = -x + 23. Suppose p = -k - 0*p + 29, 0 = -3*p. Let h = k - 13. Calculate the remainder when m(h) is divided by 3.
1
Suppose -5*q - 5*x = -15, -58 = -5*q + 5*x + 7. Suppose -4*p + 12 = 0, -5*p + 8*p = 2*u - 15. Calculate the remainder when u is divided by q.
4
Suppose -4*k - 2*n + 0*n + 8 = 0, 4*n = 0. Suppose 54 = 4*v + 2*j, -5*v = -j - 86 + 15. What is the remainder when v is divided by k?
0
Let o(v) = 2*v + 2 - 5*v + 4*v - 1. Let q be o(2). Suppose 2*f = -q*f + 215. What is the remainder when f is divided by 23?
20
Let u(o) = -o + 29. Suppose -2*p = -2*b + 82, 0 = b + 4*p + 4 - 65. Calculate the remainder when b is divided by u(13).
13
Let k(p) = -46*p**3 + 3*p + 2. Let b(g) = -g + 1. Let y be b(1). Suppose y*o - 48 = -3*o. What is the remainder when k(-1) is divided by o?
13
Let l(d) = d**3 - 5*d**2 + 2*d - 7. Let m = -1 + 6. Let j be l(m). Let b = j - -2. Calculate the remainder when 12 is divided by b.
2
Suppose 3*c = -j + 30, -4*c - 3*j + 27 = -6*j. Suppose -2*i - 4 = 5*t, 0 = i + 2*t - 1 + 2. Calculate the remainder when c is divided by i.
0
Suppose -4 = 2*t + 10. Let h = t - -21. Calculate the remainder when h is divided by 8.
6
Suppose 2*d + 0*d = 18. Let r(g) = -g**3 + 10*g**2 - 7*g - 12. Calculate the remainder when 1/(-7) - 155/(-7) is divided by r(d).
4
Suppose -3*j + 9 = 2*q + 42, 3*q + 47 = -4*j. Suppose 12 = 5*i - p + 98, -4 = p. What is the remainder when 29 is divided by (q/(-27))/((-1)/i)?
5
Suppose 5*y + 1 = 16. Suppose 5*d - 3 - 9 = -4*o, y*o = 5*d - 26. What is the remainder when 5 is divided by d?
1
What is the remainder when (-11 - 0 - -197) + -1 + 1 is divided by 6?
0
Calculate the remainder when 405 is divided by (-1254)/(-34) + (-62)/(-527).
35
Suppose 2*l + 12 = -26. Let g = l - -29. Let q(f) = f**3 - 9*f**2 - 8*f + 11. Calculate the remainder when q(g) is divided by 17.
14
Suppose -24*i = -25*i + 2*r + 83, -2*r - 308 = -4*i. What is the remainder when 208 is divided by i?
58
Suppose 4*q = 5*b + 2*q + 234, -b - 40 = 3*q. Let g = 81 + b. What is the remainder when g is divided by 11?
2
Suppose -249 - 443 = -4*x. What is the remainder when x is divided by 61?
51
Let n = -877 + 936. What is the remainder when n is divided by 46?
13
Suppose -5*o - 2*p = -166 + 28, 5*o + p = 139. Calculate the remainder when o is divided by 5.
3
What is the remainder when 811 is divided by 30 + ((-16)/64 - 58/(-8))?
34
Let u = 106 + -76. What is the remainder when 207 is divided by u?
27
Let w be 3 - 10*4/(-8). Let x(o) = -5 + 1 + 4*o - 3. What is the remainder when x(w) is divided by 14?
11
Let v = 2 + -3. Let y = v - -17. Calculate the remainder when y is divided by 9.
7
Let q = -231 - -242. What is the remainder when 62 is divided by q?
7
Let p(w) = w**2 + 21*w + 15. Let x(n) = -4*n + 4. Let t be x(3). Let c = t - -16. Calculate the remainder when p(-21) is divided by c.
7
Suppose 0 = -3*j - j. What is the remainder when 82 is divided by -1*(4 + j) + 32?
26
Let s(j) = 14*j - 169. Calculate the remainder when 162 is divided by s(18).
79
Calculate the remainder when 6/4 + 1868/8 is divided by 34.
31
Suppose 493 = 4*h - 5*j, -11*h - 3*j = -6*h - 644. What is the remainder when h is divided by 33?
28
Suppose 4 = 3*q - 2, -4*q = -u + 109. Suppose 2*w - u = -3*h, -5*w - 2*h = -48 - 239. Suppose 5*t + w = 8*t. What is the remainder when 53 is divided by t?
15
Let m(z) = -z**3 - 17*z**2 + 15*z - 45. Calculate the remainder when 148 is divided by m(-18).
4
Let z be (0/10)/(1/1). Suppose 24 = 4*t - 4*o + o, o = z. Calculate the remainder when 28 is divided by t.
4
Let u be 2/(56/12 + -4). Let d(a) = 6*a + 5. Let o(r) = -6*r - 4. Let x(l) = -6*d(l) - 7*o(l). What is the remainder when x(u) is divided by 6?
4
Let w = 180 + -130. Let z =